0. Determine l(u).
-1
Let k(g) = -17*g - 21. Let x(f) = -3*f**2 - 42*f - 136. Let j be x(-5). What is k(j)?
-4
Suppose 23*m - 1 = 19*m - y, 2*y - 7 = -3*m. Let d(l) = 29*l + 37. Give d(m).
8
Let k(y) = -y**3 + 7*y**2 + 7. Let t = 294 - 448. Let g = -147 - t. What is k(g)?
7
Let g(z) be the first derivative of -8*z**3/3 - z**2/2 - z + 2919. Give g(-2).
-31
Let q be ((-4)/(-10))/((-32)/320). Let k(c) = c**3 + c**2. Let l(h) = -3*h**3 - 7*h**2 - 3*h. Let x(b) = q*k(b) - l(b). Determine x(3).
9
Let o(j) = -j**3 + 2*j**2 + j + 3. Let l(f) = 7*f - 23. Let p be l(11). Suppose -3*i - 6*i = -p. Let c be (-3 + 9)/((-5)/((-15)/i)). Determine o(c).
-3
Let u(p) = -3*p**2 - 5*p + 1. Let y(i) = 9 - 5*i - 5 + 1 - i**2 + 4*i - 4. Let o(h) = u(h) - 2*y(h). Determine o(3).
-19
Let o(n) = 3*n - 25. Suppose 3*l - 5 = 6*i - 13*i, 3*l - 2*i - 41 = 0. Give o(l).
8
Suppose 38 = 14*x - 4. Let n(v) = 133*v**2 + 3*v - 61*v**2 + 3 - 80*v**2 + 6 + v**x. Let d be ((-1 - -1) + -1)*-7. Give n(d).
-19
Let l(j) = -j + 37. Let c be -9 - ((-18)/(-8))/(67/(-268)). Calculate l(c).
37
Let o(h) = 55*h**2 - 19*h + 115. Let d(a) = 19*a**2 - 7*a + 41. Let c(v) = 17*d(v) - 6*o(v). What is c(2)?
-31
Let i(u) = 12*u**2 + 2*u + 1. Suppose -7*f - 15*f - 11*f = 0. Suppose 2*r + 3*r = n, f = 4*r - 3*n - 11. Determine i(r).
11
Let p(l) = -2 + 11*l**3 - 14 - 17*l - 6*l - 5*l**3 + 17*l**2 + 2*l**3. Let o(i) = 13*i**3 + 25*i**2 - 35*i - 24. Let d(a) = 5*o(a) - 8*p(a). What is d(10)?
-2
Suppose 0 = -p - 2*y + 4, 6*y - 3*y = 2*p + 6. Let d(a) = 2*a**2 + 2. Determine d(p).
2
Let c(w) = -w**2 - w**3 + 8 - w + 14 - 6. Let v = 225 + -217. Suppose -s = -v*s - s. What is c(s)?
16
Let s(q) = 4*q - 41. Let a(p) = p**3 + 10*p**2 - 17*p - 49. Let l be a(-11). Determine s(l).
27
Let s(n) = 52 + 2*n**2 + 20*n + 64 - 180 + 57. Determine s(-11).
15
Let j(f) = -5*f**3 - 11*f**2 + 5*f + 2. Let d(c) = c**3 + c**2 - 2*c + 1. Let n(i) = -6*d(i) - j(i). Suppose 11 + 10 = m - 3*t, 5*m - 2*t - 40 = 0. Give n(m).
-2
Let o be (10 - (-390)/(-40))/((-1)/(-4)). Let g(m) = -4*m**2 - o + 11*m**2 + 12*m**2 + 9*m**2. What is g(1)?
27
Let g(c) = -c**2 + c - 3. Let h(u) = 2*u**2 + 4. Let z = -476 - -473. Let k(s) = z*h(s) - 4*g(s). Determine k(4).
-48
Suppose 0 = 2*s - 2, 0 = 4*y - 57*s + 52*s + 65. Let i(z) = 3*z + 53. Determine i(y).
8
Let j(f) = -2*f. Let c be (21/14)/((-3)/(-38)) + 1. Let a = c - 17. Let d be (-8)/44 + a/((-66)/(-26)). Give j(d).
-2
Let b(w) = -6 - 4 + 2*w + 1. Suppose 63*l - 36*l - 81 = 0. Suppose -5*o + 38 = l. What is b(o)?
5
Suppose -16*w - 2 = -17*w, 8 = -2*j + 2*w. Let a(u) = u**2 - 4*u - 4. Determine a(j).
8
Let o be ((-418)/24)/(-19) + (-12)/(-16). Let g(v) be the first derivative of -o*v**3 - 1/4*v**4 + 4*v - v**2 + 10. What is g(-4)?
-4
Let i = -52 + 54. Let w(t) = -14 - 25 - 5*t + 52 - 15. What is w(i)?
-12
Let o(m) = -24*m + 2. Let h be o(0). Let v(j) = 20*j**h + 8 + 4 - 9*j**2 - j**3 - 7*j - 20. Determine v(10).
22
Let t be (189/(-45))/7 + (-176)/(-10). Suppose -t = -s - 15. Let o(x) = -3*x + 6*x**2 - 2*x**2 - x**2. What is o(s)?
6
Suppose -1617*i + 1612*i - 25 = 0. Let r = -20 - -23. Let g(k) = k**r + k**3 - 3 - 69*k + 5*k**2 - k**3 + 67*k. What is g(i)?
7
Suppose -520 + 520 = 23*q. Let r(b) = 11*b + 8. Determine r(q).
8
Let u(g) = -g**2 - 3*g - 2. Let i(f) = -f**3 - 9*f**2 + 86*f + 58. Let a(h) = i(h) + 8*u(h). What is a(-20)?
2
Let f = -154 - -224. Let q = f - 67. Suppose -3*w = -7*z + 3*z - 15, -q*w = 4*z - 15. Let b(v) = -v**2 + v - 2. Give b(z).
-2
Let f(k) be the first derivative of k**4/4 - 2*k**3 - 43*k**2/2 + 9*k + 3588. What is f(10)?
-21
Suppose 2*t - 4*v = 96 - 112, -5*t + v = -23. Let o(z) = -9*z**2 + 3*z + 4. Let x(d) = 4*d**2 - 2*d - 2. Let h(u) = 3*o(u) + 7*x(u). What is h(t)?
4
Let f(h) = 6*h + 6. Let g(a) = -115*a + 14. Let z(p) = 2*f(p) - g(p). Give z(1).
125
Let r(a) = -a**2 + 25*a - 165. Suppose 0 = 5*l + 4*z - 106, -2*l - 38 + 39 = -3*z. Calculate r(l).
-11
Let z(q) be the first derivative of -q**3/3 + 10*q**2 - 14*q - 4050. Calculate z(0).
-14
Suppose -25 = 5*k, 3*n = 3*k - 120 - 81. Let q be (-25)/5 + n/(-6). Let r(t) = -t**2 + 5*t + 12. Calculate r(q).
-2
Let s = -26 + 165. Suppose 145*x = s*x. Let g(k) = -k**2 - 2*k - 8. What is g(x)?
-8
Let z(n) = -43*n + 2499. Let r be z(58). Let q(b) = 3*b**3 + 5*b**2 - 6*b - 4. Let w(k) = 5*k**3 + 10*k**2 - 12*k - 7. Let p(g) = 7*q(g) - 4*w(g). What is p(r)?
30
Let i(z) = 6*z**2 - 3*z - 1. Suppose x + 25 = -5*u + 6*x, 2*u + 2*x = 2. What is i(u)?
29
Suppose -116*c + 88 = -106*c + 8. Let w(z) = 2*z**3 - 17*z**2 - 2*z - 10. Determine w(c).
-90
Suppose 391 - 343 = 4*q. Let s(z) be the third derivative of -z**4/24 + 5*z**3/2 + 86*z**2. Determine s(q).
3
Let d(p) = -7 - 14*p + 25*p**2 - p**2 - 5*p**2 - 18*p**2. What is d(11)?
-40
Let i(j) = -9*j + 163. Let n = -5025 - -5044. Calculate i(n).
-8
Let a = -31 - -49. Let x(z) = 17*z - 10. Let y(u) = -5*u - 3*u + 4*u + 4*u - 2*u + 1. Let n(q) = a*y(q) + 2*x(q). Give n(-6).
10
Let c(i) be the first derivative of i**2 + 7*i + 12. Let k be c(-6). Let p(g) = -1 + 2*g - 2 - 5*g + 2*g. Give p(k).
2
Suppose -28 + 29 = z, 2*z - 4 = -c. Let x(d) = -2*d**3 + 2*d**2 - 4*d + 6. Determine x(c).
-10
Suppose 7*x = -42*x + 7*x. Let y(p) = 5*p - 33. Let j(u) = -u + 8. Let g(v) = -9*j(v) - 2*y(v). Calculate g(x).
-6
Let z(a) = -353*a + 2 - 21 + 7 + 328*a - 2 + a**2. What is z(26)?
12
Let a(t) be the first derivative of -t**4/4 - 7*t**3/3 - 3*t + 20. Suppose 3*h - 2*c + c + 18 = 0, -2*h - 11 = -c. Calculate a(h).
-3
Let x be 3/2*40/(-15). Let a(y) = -y**2 - 8*y + 95. Let k(i) = 4*i**2 + 31*i - 356. Let p(b) = -15*a(b) - 4*k(b). What is p(x)?
-1
Let t(f) be the third derivative of -f**6/120 + 3*f**5/20 - 7*f**4/24 + 3*f**3 + 5185*f**2. Give t(8).
26
Suppose -7*c + 1 = -6. Suppose 5*i + 9 = -c, 3 = b + 2*i. Suppose -6*q + b*q = 7. Let x(u) = -u**3 + 6*u**2 + 9*u - 5. Calculate x(q).
9
Suppose 9918 - 9939 = -7*f. Let q(o) = -3*o**2 - 3*o + 22. Determine q(f).
-14
Let y(l) = -4*l + 17. Let m(o) = o - 2. Let s = -8 - -5. Let u(f) = s*m(f) - y(f). Determine u(6).
-5
Let r(w) = -w**3 + 10*w**2 + 17*w - 267. Let d be r(8). Let m(q) = -7*q**2 - 4*q - 11. Determine m(d).
-62
Suppose 4*f - f + 28 = 2*f. Let p(q) = 2*q**2 + 57*q + 23. Determine p(f).
-5
Let h(v) = 17*v**3 - 5*v**2 - 3*v - 13. Let x(l) = -10*l**3 + 3*l**2 + 2*l + 7. Let p(y) = 3*h(y) + 5*x(y). What is p(0)?
-4
Let u(b) = b - 499*b**2 - 2*b + 3 + 996*b**2 - 498*b**2. Determine u(2).
-3
Suppose 274 = 3*c - 5*x + 265, 0 = -4*c - 2*x + 12. Let w(l) = -4 + l + 2*l + l**3 + 3*l - 5*l**2. Calculate w(c).
-4
Let n = -15 - -28. Suppose 2*i + n - 5 = 0. Let r(z) = -58*z + 1 + 63*z + 0*z**2 + 2*z**2. Give r(i).
13
Suppose 969*n = 1554 + 8136. Let d(m) = -5*m**3 - 27*m**2 - 11*m + 55. Let a(c) = 2*c**3 + 13*c**2 + 5*c - 27. Let k(o) = -7*a(o) - 3*d(o). Determine k(n).
4
Let v(d) = -d**2 + 3*d + 1. Let j = -10314 + 10324. Give v(j).
-69
Let p(i) = 112*i**2 + 5*i + 19. Let d be (-2)/(-9) + (-435)/135. Let g be p(d). Let l(v) = 5*v - 2*v - 1014*v**2 + g*v**2 + 3. Calculate l(-2).
-11
Suppose -203 = 11*d - 291. Suppose 0 = 6*o + 10 + d. Let z(h) = h + 9. What is z(o)?
6
Let s(g) be the second derivative of g**3/6 + 5*g. Let q(p) = p**3 + 106*p**2 + 105*p - 3. Let a be q(-105). Calculate s(a).
-3
Let t(k) = -140*k - 254*k - 17 + 395*k. Let h be -2 - (-10 + 1 + -2). Determine t(h).
-8
Suppose 4*u - c = -21, 3*u + c = -7 - 0. Let a(g) = -146*g - 156*g - 3 - 146*g + 447*g. What is a(u)?
1
Let h(l) = 26*l**2 - 12*l + 53*l**2 + 24 - 87*l**2 + l**3. Determine h(9).
-3
Let m be (-4)/(-6)*(-99)/(-6). Suppose m*w - 3*w - 48 = 0. Let f(g) = -5*g + 7 - 7*g + 5*g + g**2. Give f(w).
1
Let z(j) = 8*j + 83. Let m(c) = -18*c - 83. Let x(k) = 4*m(k) + 5*z(k). Determine x(2).
19
Suppose 3*k - 95 - 101 = -223. Let b(u) = u**3 + 9*u**2 + 19. What is b(k)?
19
Let y(h) = h + h - h + 12. Let v be (3 + -5 - 12) + (-24)/(-12). Determine y(v).
0
Suppose 6*x - 249 = 225. Suppose 29 = 9*i - x. Let h(g) = g**3 - 12*g**2 + 17. Calculate h(i).
17
Let m(x) = -31 + 7360*x + 7360*x + x**2 - 14718*x. Determine m(0).
-31
Let t(a) = -6*a**3 - 16*a**2 - 6*a - 3. Let c(x) = 5*x**3 + 15*x**2 + 4*x + 3. Let q(o) = -7*c(o) - 6*t(o). Calculate q(6).
-63
Suppose 43*x + 22*x - 65 = 0. Let q(v) = -72*v**3. Give q(x).